ors of l?
5, 47
Let t = 24 + -5. Suppose 2*f + 4*z - 56 = -z, 5*f - 161 = -2*z. Let u = f - t. What are the prime factors of u?
2, 7
Suppose 0 = 2*d - 5*k - 90, 0*d - 2*k = -5*d + 204. Suppose -4 = -4*u + d. List the prime factors of u.
11
Let q(u) = -3*u**2 - 17*u + 29. Let m(p) = -p**2 - 6*p + 10. Let k(z) = -17*m(z) + 6*q(z). Let a be k(-3). Let t = -1 - a. What are the prime factors of t?
2
Let h = -13 - -31. Let c = 41 - h. What are the prime factors of c?
23
Let j = -184 + 264. What are the prime factors of j?
2, 5
Suppose -7*q + 0 + 21 = 0. Suppose -q*b = -a - b + 39, 2*b - 243 = -5*a. What are the prime factors of a?
47
Let w(n) = -2*n + 4. What are the prime factors of w(-4)?
2, 3
Let r(y) = 4*y - 7. Let p(d) = -13*d + 22. Let w(j) = -2*p(j) - 7*r(j). List the prime factors of w(-9).
23
Let k = -10 - -23. What are the prime factors of k?
13
What are the prime factors of (-3)/(-8)*-14*(2 - 34)?
2, 3, 7
Let c = 192 - 63. Suppose c = 2*h + h. List the prime factors of h.
43
Suppose -i + f + 32 = 12, -3*i + 5*f + 64 = 0. Let j = i - 10. List the prime factors of j.
2
Suppose 1898 = 14*s - s. List the prime factors of s.
2, 73
Let z(c) be the first derivative of c**3 + 5*c**2/2 + 4*c + 6. What are the prime factors of z(-2)?
2, 3
Let w = 2 - 2. Let a(h) = -h + 12. What are the prime factors of a(w)?
2, 3
Suppose -z = 3 - 14. Suppose 34 = 5*o - z. What are the prime factors of o?
3
Suppose 6 + 14 = 4*t. Suppose 2*p - 33 = -d, -t*p - 2*d + 4*d + 78 = 0. List the prime factors of p.
2
Let z(u) = 3*u**3 + u**2 - u. Suppose -4 = o, -o - 22 = -5*c + 2*o. List the prime factors of z(c).
2, 13
Suppose -24 = -2*y - 5*t, 4*y - 4*t - 8 = 12. Let z be 2/5 + 27/(-5). Let i = z + y. What are the prime factors of i?
2
List the prime factors of ((-9)/5)/((-2)/30).
3
Suppose 2*j - 11 = 71. List the prime factors of j.
41
Suppose -b + 4*x - 340 = -5*b, 0 = -x. List the prime factors of b.
5, 17
What are the prime factors of -3*(395/(-15) + 2)?
73
Suppose 4 + 3 = -3*b + 2*f, 6 = 4*b + 5*f. Let p be b/2 + (-22)/(-4). Let i(q) = -q**3 + 6*q**2 - 3*q + 2. List the prime factors of i(p).
2, 3
Suppose 6 = -4*u - 6, 46 = o - 3*u. Let i = o + -24. List the prime factors of i.
13
Suppose 4*w = s + 21, 0 = -5*w + 2*s + 15 + 15. List the prime factors of w.
2
Let f(x) = x**2 + 7*x + 20. What are the prime factors of f(11)?
2, 109
Suppose -2*a = -3*a + 30. List the prime factors of a.
2, 3, 5
What are the prime factors of 237*(8/12)/2?
79
Suppose -2 = 5*b - 0*b + 2*j, -3*j + 10 = b. Let k = b + 5. What are the prime factors of k?
3
Let c(n) be the first derivative of 2*n**3/3 + n**2 - 3*n - 2. Let o(u) = u**2 + 7*u + 7. Let t be o(-5). List the prime factors of c(t).
3
Suppose 0 = 13*r - 8*r - 1130. List the prime factors of r.
2, 113
Suppose 0 = -2*h + 7*h + 25, -h = -4*k + 13. Suppose -3*s = 2*i - 36, -k*i - 3*s = -3*i + 27. What are the prime factors of i?
3, 7
Let l be (-24)/9*(-6)/4. Suppose -l*c + 33 = -7. What are the prime factors of c?
2, 5
Suppose 1 = 5*o - 14. Suppose o*y + 148 + 8 = 0. What are the prime factors of (-1 - -3)/((-8)/y)?
13
Suppose -5*b = -4*t + 11, 4*t - 5 + 15 = -2*b. Let q be (1*10)/(-1 + 0). Let s = b - q. List the prime factors of s.
7
Let j(q) = -27*q + 12. Let h(r) = -11*r + 5. Let x(v) = -v**2 - 6*v - 3. Let y be x(-4). Let m(z) = y*j(z) - 12*h(z). List the prime factors of m(-3).
3
Suppose 0 = -4*d + 3*d + 5. What are the prime factors of d?
5
Let t = 16 + 22. Suppose t = -3*i - 4*p, 2*p - 5 = -3*p. Let k = -5 - i. What are the prime factors of k?
3
What are the prime factors of 3*((-82)/(-6) + 0)?
41
Suppose d = 14 + 78. List the prime factors of d.
2, 23
Suppose 0 = 3*o - 2*k + 55, 0*o - 5*o - 4*k = 77. Let s = o + 28. Let r = s - 4. List the prime factors of r.
7
Let s(l) = -l**3 - 4*l**2 + 4. Let m be s(-4). Suppose -o + 0*o = -m. List the prime factors of o.
2
Suppose 3*p + 0*a = 3*a - 15, -a + 33 = -5*p. Let i = p - -15. List the prime factors of i.
2
Suppose 8*j = 4*j. Let b(g) = -g**2 + g + 65. Let k be b(j). Suppose -2*q + k = 3*q. List the prime factors of q.
13
Let q = 3 - -2. Suppose -5 = q*x - 0. Let w(j) = -11*j**3 + j**2. List the prime factors of w(x).
2, 3
Let y(r) = 3*r**2 + 3*r + 4. Let x be y(-2). List the prime factors of (4 - 5) + 1 + x.
2, 5
Let m(s) = 69*s**2 + s + 1. What are the prime factors of m(-1)?
3, 23
Suppose 5*k + 24 = -3*z + 168, 0 = -3*k - 5*z + 80. List the prime factors of k.
2, 3, 5
Let k be 195/10 - (-2)/(-4). Suppose -k = -0*b - b. What are the prime factors of b?
19
Let r be (12 - (4 - 0))/(-1). List the prime factors of 6/r - (-155)/4.
2, 19
Suppose 2*l + 4*q + 1 + 1 = 0, 11 = l - 2*q. Let c(k) = 6*k**2 - k. Let x be c(1). Let t = l + x. List the prime factors of t.
2, 5
Suppose 0 = 10*n - 686 - 294. What are the prime factors of n?
2, 7
Let p = -6 - -4. Let k = p - -3. What are the prime factors of (4/k - 1)*1?
3
Let j = -6 - -6. Suppose 2*i + 3*n - 19 = j, 3*i + 0*n = -4*n + 30. What are the prime factors of i?
2, 7
Let f = -68 - -131. List the prime factors of f.
3, 7
Let s(y) = y + 10. Let q be s(-10). Suppose q = -8*b + 3*b + 90. List the prime factors of b.
2, 3
Suppose 6 - 3 = t. Suppose 3*u = -t*g + 18, -u = -4*g + 2*g + 9. Suppose -v = -4*q + 3, g*v = -3*q - 0*q + 31. List the prime factors of v.
5
Let w be (-1 - (-4)/2)/(-1). Let k be 1 + (2/w - -5). Suppose k = v, -5*v + 80 = 5*g - g. List the prime factors of g.
3, 5
Suppose 0 = 2*k + 3*x - 115, -k - 3*x - 145 = -3*k. What are the prime factors of k?
5, 13
Suppose -5*s - 2*f = -522, 4*s - 4*f - 122 = 3*s. List the prime factors of s.
2, 53
Suppose -42 = 5*t - 2*n, 4*n = -11 - 5. Let p = t + 18. What are the prime factors of p?
2
Let r(q) = -29*q - 5. Let s be r(-2). Suppose -2*b + 37 + 0 = -3*i, -3*b = -2*i - s. What are the prime factors of b?
17
Let f = 24 - 19. Suppose -4*d + 2*n - 13 = -3*n, f*d - 5*n + 10 = 0. List the prime factors of d.
3
Suppose -2*p + 18 = -2. Suppose -23 = -3*v + p. What are the prime factors of v?
11
Suppose 2*b = -0 - 2. Let j(g) = -2*g**2 - 10*g**3 - 2 + 1 - 2 - 2*g + 2. What are the prime factors of j(b)?
3
Let u be (-2 + (1 - -1))*1. Suppose -3*f + 92 = -28. Suppose u = t - 6*t + f. List the prime factors of t.
2
Let o(j) = -j + j**2 + 16 + 0*j - 17. What are the prime factors of o(-2)?
5
Suppose -3*p + 5 = -28. List the prime factors of p.
11
Let y be (-8 - -2)*8/(-6). Let t be 37/3 + y/12. List the prime factors of (1 + t)*(-6)/(-7).
2, 3
Suppose p = 2*v - 2*p - 27, -2*v = 5*p - 19. Let w = v + -7. List the prime factors of (w/10)/(2/72).
2, 3
Let o(p) = -19*p**3 + p**2 - 2*p - 2. What are the prime factors of o(-1)?
2, 5
Let s(u) = u**3 - 4*u**2 - 2*u + 1. Let k be s(4). Let j = 10 + k. List the prime factors of 14/6*j + -2.
5
Let g(r) = -31*r - 2. Let f be g(-2). Let l be 1/2*f/1. Let m = l + -18. What are the prime factors of m?
2, 3
Let i be (24/(-14))/((-6)/147). Suppose 32 = 3*z - 4*p, -5*z - 5*p - i = -142. What are the prime factors of z?
2
Let c(i) = i**2 - 4*i + 3. Let f be c(3). Suppose -2*v - 3*v + 125 = f. List the prime factors of v.
5
Let v(b) = b - 5. Let o be v(5). Suppose 3*x + 2 - 20 = o. List the prime factors of x.
2, 3
Suppose n - 160 = -3*u, -2*u - 99 - 36 = -n. What are the prime factors of n?
5, 29
Let l be (0 + 0)/((-7)/7). Suppose -2*g - 3*n + 26 = l, 5*g - 4*n + 5*n = 39. What are the prime factors of g?
7
Suppose -5*k + 10*k - 18 = n, -4 = 4*k. Let p = -13 - n. What are the prime factors of p?
2, 5
Suppose -3*c - 9 + 42 = 0. List the prime factors of c.
11
Let p = 8 + -7. List the prime factors of p/2 + 205/10.
3, 7
Suppose -3 = v - 6. Suppose -5*h = -5, -h + 5 = v*p - 2*h. What are the prime factors of p?
2
Let d(m) = -m**3 + 10*m**2 - 8*m + 6. Let l be d(6). List the prime factors of 4/(-14) + l/14.
7
What are the prime factors of ((-78)/(-65))/((-3)/(-20))?
2
Let u(w) = -2*w + 23. What are the prime factors of u(-16)?
5, 11
Suppose 8*f - 4*f = 64. What are the prime factors of f?
2
Let u = 45 - -12. Suppose u = 5*d - a, d = -d - 5*a + 12. List the prime factors of d.
11
Let u(z) = z**3 + 10*z**2 + 13*z - 5. List the prime factors of u(-6).
61
Let l(f) = 0*f + 7*f**2 - 2*f - f**3 - 3*f - 8. Let r be l(6). List the prime factors of 1 + (-2 - r) + 2.
3
Let m be (1